{"id":215,"date":"2015-07-28T15:04:12","date_gmt":"2015-07-28T18:04:12","guid":{"rendered":"http:\/\/adventure-tours.themedelight.com\/?post_type=product&#038;p=215"},"modified":"2025-03-05T16:20:04","modified_gmt":"2025-03-05T19:20:04","slug":"pedra-do-forno","status":"publish","type":"product","link":"https:\/\/www.mantiqueiratur.com.br\/site\/tours\/pedra-do-forno\/","title":{"rendered":"Trilha Pedra do Forno"},"content":{"rendered":"<p>Trilha para a Pedra do Forno, a mais famosa de Gon\u00e7alves, com 1.970m de altitude e com vista de 360\u00b0 para a regi\u00e3o. Trilha por meio da mata de arauc\u00e1ria, passando por vegeta\u00e7\u00e3o t\u00edpica de montanha. Trilha sombreada e \u00edngreme. No final, \u00e9 necess\u00e1rio subir uma pequena escada na pedra, de mais ou menos 10 degraus n\u00e3o sendo indicado para quem tem fobia a altura.<\/p>\n<table class=\"table table-bordered tours-tabs__table\" style=\"height: 268px; width: 98.9213%;\" width=\"862\">\n<tbody>\n<tr style=\"height: 24px;\">\n<td style=\"height: 24px;\"><strong>DIST\u00c2NCIA<\/strong><\/td>\n<td style=\"height: 24px;\">3,2 Km de trilha (total &#8211; ida e volta).<\/td>\n<\/tr>\n<tr style=\"height: 24px;\">\n<td style=\"height: 24px;\"><strong>HOR\u00c1RIOS<\/strong><\/td>\n<td style=\"height: 24px;\">Sa\u00edda \u00e0s 09h30 e retorno previsto para \u00e0s 13h30.<\/td>\n<\/tr>\n<tr style=\"height: 48px;\">\n<td style=\"height: 48px;\"><strong>MELHOR \u00c9POCA PARA O ROTEIRO<\/strong><\/td>\n<td style=\"height: 48px;\">De Mar\u00e7o a Outubro.<\/td>\n<\/tr>\n<tr style=\"height: 136px;\">\n<td style=\"height: 124px;\"><strong>INCLUSO<\/strong><\/td>\n<td style=\"height: 124px;\">\n<table class=\"table table-bordered\" style=\"height: 120px; width: 100.84%;\" width=\"300\">\n<tbody>\n<tr style=\"height: 48px;\">\n<td style=\"height: 48px; width: 49.3878%;\"><i class=\"fa fa-check icon-tick icon-tick--on\"><\/i>Guia especializado<\/td>\n<td style=\"height: 48px; width: 79.2713%;\"><i class=\"fa fa-check icon-tick icon-tick--on\"><\/i>Perneiras e bast\u00e3o de caminhada<\/td>\n<\/tr>\n<tr style=\"height: 72px;\">\n<td style=\"height: 72px; width: 49.3878%;\"><i class=\"fa fa-check icon-tick icon-tick--on\"><\/i>Taxa de visita\u00e7\u00e3o<\/td>\n<td style=\"height: 72px; width: 79.2713%;\"><i class=\"fa fa-check icon-tick icon-tick--on\"><\/i>Seguro aventura<\/td>\n<\/tr>\n<\/tbody>\n<\/table>\n<\/td>\n<\/tr>\n<tr style=\"height: 24px;\">\n<td style=\"height: 24px;\"><b>N\u00c3O INCLUSO<\/b><\/td>\n<td style=\"height: 24px;\"><i class=\"fa fa-times icon-tick icon-tick--off\"><\/i>Transporte at\u00e9 o in\u00edcio da trilha<\/td>\n<\/tr>\n<\/tbody>\n<\/table>\n","protected":false},"excerpt":{"rendered":"<p>Uma das pedras mais famosas de Gon\u00e7alves, com uma vista de 360 graus.<\/p>\n","protected":false},"featured_media":5689,"comment_status":"closed","ping_status":"closed","template":"","meta":{"_exactmetrics_skip_tracking":false,"_exactmetrics_sitenote_active":false,"_exactmetrics_sitenote_note":"","_exactmetrics_sitenote_category":0,"_links_to":"","_links_to_target":""},"product_brand":[],"product_cat":[263],"product_tag":[244,361,264,248,267,247,276,256,245,272,478,322,360,473,243,318],"class_list":{"0":"post-215","1":"product","2":"type-product","3":"status-publish","4":"has-post-thumbnail","6":"product_cat-caminhadas","7":"product_tag-caminhada","8":"product_tag-destinos-de-natureza","9":"product_tag-ecoturismo","10":"product_tag-hiking","11":"product_tag-inverno","12":"product_tag-mantiqueira","13":"product_tag-mata","14":"product_tag-montanha","15":"product_tag-natureza","16":"product_tag-o-que-fazer-em-goncalves","17":"product_tag-outono","18":"product_tag-pedra","19":"product_tag-trail","20":"product_tag-trekking","21":"product_tag-trilha","22":"product_tag-turismo-em-goncalves","23":"tour_category-goncalvesmg","25":"first","26":"instock","27":"purchasable","28":"product-type-tour"},"_links":{"self":[{"href":"https:\/\/www.mantiqueiratur.com.br\/site\/wp-json\/wp\/v2\/product\/215","targetHints":{"allow":["GET"]}}],"collection":[{"href":"https:\/\/www.mantiqueiratur.com.br\/site\/wp-json\/wp\/v2\/product"}],"about":[{"href":"https:\/\/www.mantiqueiratur.com.br\/site\/wp-json\/wp\/v2\/types\/product"}],"replies":[{"embeddable":true,"href":"https:\/\/www.mantiqueiratur.com.br\/site\/wp-json\/wp\/v2\/comments?post=215"}],"wp:featuredmedia":[{"embeddable":true,"href":"https:\/\/www.mantiqueiratur.com.br\/site\/wp-json\/wp\/v2\/media\/5689"}],"wp:attachment":[{"href":"https:\/\/www.mantiqueiratur.com.br\/site\/wp-json\/wp\/v2\/media?parent=215"}],"wp:term":[{"taxonomy":"product_brand","embeddable":true,"href":"https:\/\/www.mantiqueiratur.com.br\/site\/wp-json\/wp\/v2\/product_brand?post=215"},{"taxonomy":"product_cat","embeddable":true,"href":"https:\/\/www.mantiqueiratur.com.br\/site\/wp-json\/wp\/v2\/product_cat?post=215"},{"taxonomy":"product_tag","embeddable":true,"href":"https:\/\/www.mantiqueiratur.com.br\/site\/wp-json\/wp\/v2\/product_tag?post=215"}],"curies":[{"name":"wp","href":"https:\/\/api.w.org\/{rel}","templated":true}]}}