{"id":184,"date":"2015-07-27T17:58:42","date_gmt":"2015-07-27T20:58:42","guid":{"rendered":"http:\/\/adventure-tours.themedelight.com\/?post_type=product&#038;p=184"},"modified":"2025-03-05T16:23:07","modified_gmt":"2025-03-05T19:23:07","slug":"trilhachanfradaecruzeiro","status":"publish","type":"product","link":"https:\/\/www.mantiqueiratur.com.br\/site\/tours\/trilhachanfradaecruzeiro\/","title":{"rendered":"Trilha Pedra Chanfrada + Pedra do Cruzeiro"},"content":{"rendered":"<p>Subida na Pedra Chanfrada de manh\u00e3, com almo\u00e7o em restaurante t\u00edpico e, a tarde subida a Pedra do Cruzeiro com 1.125 metros de altitude, com uma bela vista da Serra do Ven\u00e2ncios e Serra dos Rem\u00e9dios. A trilha \u00e9 aberta, onde passamos no meio de uma planta\u00e7\u00e3o de bananas, muito t\u00edpico na regi\u00e3o da Pedra do Cruzeiro.<\/p>\n<table class=\"table table-bordered tours-tabs__table\" style=\"height: 287px; width: 98.9213%;\" width=\"862\">\n<tbody>\n<tr style=\"height: 24px;\">\n<td style=\"height: 10px;\"><strong>DIST\u00c2NCIA<\/strong><\/td>\n<td style=\"height: 10px;\">\n<p style=\"text-align: justify;\">2 Km de trilha\u00a0(total &#8211; ida e volta) &#8211; Pedra Chanfrada<\/p>\n<p style=\"text-align: justify;\">2,6 Km de trilha\u00a0(total &#8211; ida e volta) &#8211; Pedra do Cruzeiro<\/p>\n<\/td>\n<\/tr>\n<tr style=\"height: 24px;\">\n<td style=\"height: 24px;\"><strong>HOR\u00c1RIOS<\/strong><\/td>\n<td style=\"height: 24px;\">Sa\u00edda \u00e0s 09h30 e retorno previsto para \u00e0s 17h30.<\/td>\n<\/tr>\n<tr style=\"height: 48px;\">\n<td style=\"height: 48px;\"><strong>MELHOR \u00c9POCA PARA O ROTEIRO<\/strong><\/td>\n<td style=\"height: 48px;\">De Mar\u00e7o a Outubro.<\/td>\n<\/tr>\n<tr style=\"height: 136px;\">\n<td style=\"height: 136px;\"><strong>INCLUSO<\/strong><\/td>\n<td style=\"height: 136px;\">\n<table class=\"table table-bordered\" style=\"height: 120px; width: 100.762%;\" width=\"300\">\n<tbody>\n<tr style=\"height: 48px;\">\n<td style=\"height: 48px; width: 53.7952%;\"><i class=\"fa fa-check icon-tick icon-tick--on\"><\/i>Guia especializado<\/td>\n<td style=\"height: 48px; width: 76.7813%;\"><i class=\"fa fa-check icon-tick icon-tick--on\"><\/i>Perneiras e bast\u00e3o de caminhada<\/td>\n<\/tr>\n<tr style=\"height: 72px;\">\n<td style=\"height: 72px; width: 53.7952%;\"><i class=\"fa fa-check icon-tick icon-tick--on\"><\/i>Taxa de visita\u00e7\u00e3o<\/td>\n<td style=\"height: 72px; width: 76.7813%;\"><i class=\"fa fa-check icon-tick icon-tick--on\"><\/i>Seguro aventura<\/td>\n<\/tr>\n<\/tbody>\n<\/table>\n<\/td>\n<\/tr>\n<tr style=\"height: 88px;\">\n<td style=\"height: 69px;\"><b>N\u00c3O INCLUSO<\/b><\/td>\n<td style=\"height: 69px;\">\n<table class=\"table table-bordered\" style=\"height: 62px; width: 100.668%;\" width=\"300\">\n<tbody>\n<tr>\n<td style=\"width: 100%;\"><i class=\"fa fa-times icon-tick icon-tick--off\"><\/i>Transporte at\u00e9 o in\u00edcio da trilha<\/td>\n<\/tr>\n<tr>\n<td style=\"width: 100%;\"><i class=\"fa fa-times icon-tick icon-tick--off\"><\/i>Almo\u00e7o<\/td>\n<\/tr>\n<\/tbody>\n<\/table>\n<\/td>\n<\/tr>\n<\/tbody>\n<\/table>\n<p>&nbsp;<\/p>\n","protected":false},"excerpt":{"rendered":"<p>Um dia de caminhada em duas pedras de Gon\u00e7alves MG<\/p>\n","protected":false},"featured_media":3723,"comment_status":"closed","ping_status":"closed","template":"","meta":{"_exactmetrics_skip_tracking":false,"_exactmetrics_sitenote_active":false,"_exactmetrics_sitenote_note":"","_exactmetrics_sitenote_category":0,"_links_to":"","_links_to_target":""},"product_brand":[],"product_cat":[263],"product_tag":[282,244,460,461,459,268,277,248,267,276,256,272,478,462,473,458,291],"class_list":{"0":"post-184","1":"product","2":"type-product","3":"status-publish","4":"has-post-thumbnail","6":"product_cat-caminhadas","7":"product_tag-cachoeira","8":"product_tag-caminhada","9":"product_tag-carnaval","10":"product_tag-corpus-christi","11":"product_tag-feriado","12":"product_tag-ferias","13":"product_tag-goncalves","14":"product_tag-hiking","15":"product_tag-inverno","16":"product_tag-mata","17":"product_tag-montanha","18":"product_tag-o-que-fazer-em-goncalves","19":"product_tag-outono","20":"product_tag-pascoa","21":"product_tag-trekking","22":"product_tag-turismo-em-gonalves","23":"product_tag-vista","24":"tour_category-goncalvesmg","26":"first","27":"instock","28":"purchasable","29":"product-type-tour"},"_links":{"self":[{"href":"https:\/\/www.mantiqueiratur.com.br\/site\/wp-json\/wp\/v2\/product\/184","targetHints":{"allow":["GET"]}}],"collection":[{"href":"https:\/\/www.mantiqueiratur.com.br\/site\/wp-json\/wp\/v2\/product"}],"about":[{"href":"https:\/\/www.mantiqueiratur.com.br\/site\/wp-json\/wp\/v2\/types\/product"}],"replies":[{"embeddable":true,"href":"https:\/\/www.mantiqueiratur.com.br\/site\/wp-json\/wp\/v2\/comments?post=184"}],"wp:featuredmedia":[{"embeddable":true,"href":"https:\/\/www.mantiqueiratur.com.br\/site\/wp-json\/wp\/v2\/media\/3723"}],"wp:attachment":[{"href":"https:\/\/www.mantiqueiratur.com.br\/site\/wp-json\/wp\/v2\/media?parent=184"}],"wp:term":[{"taxonomy":"product_brand","embeddable":true,"href":"https:\/\/www.mantiqueiratur.com.br\/site\/wp-json\/wp\/v2\/product_brand?post=184"},{"taxonomy":"product_cat","embeddable":true,"href":"https:\/\/www.mantiqueiratur.com.br\/site\/wp-json\/wp\/v2\/product_cat?post=184"},{"taxonomy":"product_tag","embeddable":true,"href":"https:\/\/www.mantiqueiratur.com.br\/site\/wp-json\/wp\/v2\/product_tag?post=184"}],"curies":[{"name":"wp","href":"https:\/\/api.w.org\/{rel}","templated":true}]}}