{"id":177,"date":"2015-07-27T14:27:14","date_gmt":"2015-07-27T17:27:14","guid":{"rendered":"http:\/\/adventure-tours.themedelight.com\/?post_type=product&#038;p=177"},"modified":"2025-03-05T16:24:57","modified_gmt":"2025-03-05T19:24:57","slug":"trilha-forno-e-cachoeiras","status":"publish","type":"product","link":"https:\/\/www.mantiqueiratur.com.br\/site\/tours\/trilha-forno-e-cachoeiras\/","title":{"rendered":"Trilha Pedra do Forno + Cachoeira"},"content":{"rendered":"<p>Trilha de caminhada para conhecer a Pedra do Forno e as uma das principais cachoeiras de Gon\u00e7alves.<br \/>\nNa parte da manh\u00e3 faremos a subida para a Pedra do Forno, um dos principais pontos tur\u00edsticos de Gon\u00e7alves, a uma altitude de 1970 mts. Uma trilha em meio a mata com uma vista de 360\u00ba no topo.<br \/>\nAp\u00f3s o almo\u00e7o em restaurante t\u00edpico de comida mineira, faremos a caminhada para uma das principais cachoeiras de Gon\u00e7alves, com quedas d&#8217;\u00e1gua e po\u00e7o para banho.<\/p>\n<table class=\"table table-bordered tours-tabs__table\">\n<tbody>\n<tr style=\"height: 24px;\">\n<td style=\"height: 24px;\"><strong>DIST\u00c2NCIA<\/strong><\/td>\n<td style=\"height: 24px;\">\u00a06,5 Km de trilha\u00a0(total &#8211; ida e volta)<\/td>\n<\/tr>\n<tr style=\"height: 24px;\">\n<td style=\"height: 24px;\"><strong>HOR\u00c1RIOS<\/strong><\/td>\n<td style=\"height: 24px;\">Sa\u00edda \u00e0s 09h30 e retorno previsto para \u00e0s 17h30.<\/td>\n<\/tr>\n<tr style=\"height: 48px;\">\n<td style=\"height: 48px;\"><strong>MELHOR \u00c9POCA PARA O ROTEIRO<\/strong><\/td>\n<td style=\"height: 48px;\">De Mar\u00e7o a Outubro.<\/td>\n<\/tr>\n<tr style=\"height: 136px;\">\n<td style=\"height: 136px;\"><strong>INCLUSO<\/strong><\/td>\n<td style=\"height: 136px;\">\n<table class=\"table table-bordered\" style=\"height: 120px; width: 99.854%;\" width=\"300\">\n<tbody>\n<tr style=\"height: 48px;\">\n<td style=\"height: 48px; width: 51.8248%;\"><i class=\"fa fa-check icon-tick icon-tick--on\"><\/i>Guia especializado<\/td>\n<td style=\"height: 48px; width: 77.3723%;\"><i class=\"fa fa-check icon-tick icon-tick--on\"><\/i>Perneiras<\/td>\n<\/tr>\n<tr style=\"height: 72px;\">\n<td style=\"height: 72px; width: 51.8248%;\"><i class=\"fa fa-check icon-tick icon-tick--on\"><\/i>Bast\u00e3o de caminhada<\/td>\n<td style=\"height: 72px; width: 77.3723%;\"><i class=\"fa fa-check icon-tick icon-tick--on\"><\/i>Seguro aventura<\/td>\n<\/tr>\n<\/tbody>\n<\/table>\n<\/td>\n<\/tr>\n<tr style=\"height: 24px;\">\n<td style=\"height: 24px;\"><b>N\u00c3O INCLUSO<\/b><\/td>\n<td style=\"height: 24px;\"><i class=\"fa fa-times icon-tick icon-tick--off\"><\/i>Transporte at\u00e9 o in\u00edcio da trilha<\/td>\n<\/tr>\n<\/tbody>\n<\/table>\n<p>&nbsp;<\/p>\n","protected":false},"excerpt":{"rendered":"<p>Trilha na mata de manh\u00e3 e cachoeira pra refrescar \u00e0 tarde.<\/p>\n","protected":false},"featured_media":5224,"comment_status":"closed","ping_status":"closed","template":"","meta":{"_exactmetrics_skip_tracking":false,"_exactmetrics_sitenote_active":false,"_exactmetrics_sitenote_note":"","_exactmetrics_sitenote_category":0,"_links_to":"","_links_to_target":""},"product_brand":[],"product_cat":[263],"product_tag":[282,244,460,461,459,268,248,267,272,478,462,322,473,243,284,318,291],"class_list":{"0":"post-177","1":"product","2":"type-product","3":"status-publish","4":"has-post-thumbnail","6":"product_cat-caminhadas","7":"product_tag-cachoeira","8":"product_tag-caminhada","9":"product_tag-carnaval","10":"product_tag-corpus-christi","11":"product_tag-feriado","12":"product_tag-ferias","13":"product_tag-hiking","14":"product_tag-inverno","15":"product_tag-o-que-fazer-em-goncalves","16":"product_tag-outono","17":"product_tag-pascoa","18":"product_tag-pedra","19":"product_tag-trekking","20":"product_tag-trilha","21":"product_tag-turismo-de-natureza","22":"product_tag-turismo-em-goncalves","23":"product_tag-vista","24":"tour_category-goncalvesmg","26":"first","27":"instock","28":"purchasable","29":"product-type-tour"},"_links":{"self":[{"href":"https:\/\/www.mantiqueiratur.com.br\/site\/wp-json\/wp\/v2\/product\/177","targetHints":{"allow":["GET"]}}],"collection":[{"href":"https:\/\/www.mantiqueiratur.com.br\/site\/wp-json\/wp\/v2\/product"}],"about":[{"href":"https:\/\/www.mantiqueiratur.com.br\/site\/wp-json\/wp\/v2\/types\/product"}],"replies":[{"embeddable":true,"href":"https:\/\/www.mantiqueiratur.com.br\/site\/wp-json\/wp\/v2\/comments?post=177"}],"wp:featuredmedia":[{"embeddable":true,"href":"https:\/\/www.mantiqueiratur.com.br\/site\/wp-json\/wp\/v2\/media\/5224"}],"wp:attachment":[{"href":"https:\/\/www.mantiqueiratur.com.br\/site\/wp-json\/wp\/v2\/media?parent=177"}],"wp:term":[{"taxonomy":"product_brand","embeddable":true,"href":"https:\/\/www.mantiqueiratur.com.br\/site\/wp-json\/wp\/v2\/product_brand?post=177"},{"taxonomy":"product_cat","embeddable":true,"href":"https:\/\/www.mantiqueiratur.com.br\/site\/wp-json\/wp\/v2\/product_cat?post=177"},{"taxonomy":"product_tag","embeddable":true,"href":"https:\/\/www.mantiqueiratur.com.br\/site\/wp-json\/wp\/v2\/product_tag?post=177"}],"curies":[{"name":"wp","href":"https:\/\/api.w.org\/{rel}","templated":true}]}}